{"id":553,"date":"2016-11-03T14:44:22","date_gmt":"2016-11-03T13:44:22","guid":{"rendered":"http:\/\/www.lacasadellequerce.it\/it\/?page_id=553"},"modified":"2018-01-05T16:19:18","modified_gmt":"2018-01-05T15:19:18","slug":"policiano-suite","status":"publish","type":"page","link":"https:\/\/www.lacasadellequerce.it\/de\/policiano-suite.html","title":{"rendered":"Policiano Suite"},"content":{"rendered":"<p>[vc_row][vc_column][vc_raw_html]JTNDZGl2JTIwY2xhc3MlM0QlMjJzZWMtdGl0bGUlMjIlM0UlMEElMjAlMjAlMjAlMjAlMjAlMjAlMjAlMjAlMjAlMjAlMjAlMjAlMjAlMjAlMjAlMjAlM0NoMiUzRVBvbGljaWFubyUyMCUzQ3NwYW4lMjBjbGFzcyUzRCUyMnRoZW1lX2NvbG9yJTIyJTNFU3VpdGUlM0MlMkZzcGFuJTNFJTNDJTJGaDIlM0UlMEElMjAlMjAlMjAlMjAlMjAlMjAlMjAlMjAlMjAlMjAlMjAlMjAlMjAlMjAlMjAlMjAlM0NkaXYlMjBjbGFzcyUzRCUyMnNlcGFyYXRvciUyMHNtYWxsLXNlcGFyYXRvciUyMiUzRSUzQyUyRmRpdiUzRSUyMCUzQyUyRmRpdiUzRQ==[\/vc_raw_html][\/vc_column][\/vc_row][vc_row][vc_column width=&#8221;1\/4&#8243;][vc_single_image image=&#8221;413&#8243; img_size=&#8221;360&#215;550&#8243; style=&#8221;vc_box_rounded&#8221;][\/vc_column][vc_column width=&#8221;3\/4&#8243;][vc_column_text]<\/p>\n<div id=\"col-sx\">\n<p>Diese Suite ist 90 qm gro\u00df und damit die gr\u00f6\u00dfte Wohnung des &#8220;Eichenhauses&#8221;.<br \/>\nSie besteht aus einem ger\u00e4umigen Wohn-Esszimmer mit einer gro\u00dfen Einbauk\u00fcche und Essplatz, 2 Schlafzimmern und 2 Badezimmern mit Badewanne bzw. Dusche.<br \/>\nIm Wohnraum gibt es 2 weitere Schlafpl\u00e4tze.<\/p>\n<\/div>\n<div id=\"col-dx\">\n<p>Die Suite ist mit stilvollen, alten M\u00f6beln ausgestattet sowie mit Geschirrsp\u00fcler, gro\u00dfem 2-teiligem K\u00fchlschrank, Gasofen mit Grillfunktion, Geschirr und Besteck.<br \/>\nDie Schlafzimmer sind mit Klimaanlage, Fernseher und Telefon ausgestattet.<br \/>\nExklusiv f\u00fcr die Suite-G\u00e4ste ist am Pool ein Tisch mit B\u00e4nken reserviert.<\/p>\n<\/div>\n<p>[\/vc_column_text][vc_gallery type=&#8221;image_grid&#8221; images=&#8221;413,411,409,751,415,417,753,662,752,423,421,419&#8243; img_size=&#8221;140&#215;100&#8243;][\/vc_column][\/vc_row]<\/p>","protected":false},"excerpt":{"rendered":"<p>[vc_row][vc_column][vc_raw_html]JTNDZGl2JTIwY2xhc3MlM0QlMjJzZWMtdGl0bGUlMjIlM0UlMEElMjAlMjAlMjAlMjAlMjAlMjAlMjAlMjAlMjAlMjAlMjAlMjAlMjAlMjAlMjAlMjAlM0NoMiUzRVBvbGljaWFubyUyMCUzQ3NwYW4lMjBjbGFzcyUzRCUyMnRoZW1lX2NvbG9yJTIyJTNFU3VpdGUlM0MlMkZzcGFuJTNFJTNDJTJGaDIlM0UlMEElMjAlMjAlMjAlMjAlMjAlMjAlMjAlMjAlMjAlMjAlMjAlMjAlMjAlMjAlMjAlMjAlM0NkaXYlMjBjbGFzcyUzRCUyMnNlcGFyYXRvciUyMHNtYWxsLXNlcGFyYXRvciUyMiUzRSUzQyUyRmRpdiUzRSUyMCUzQyUyRmRpdiUzRQ==[\/vc_raw_html][\/vc_column][\/vc_row][vc_row][vc_column width=&#8221;1\/4&#8243;][vc_single_image image=&#8221;413&#8243; img_size=&#8221;360&#215;550&#8243; style=&#8221;vc_box_rounded&#8221;][\/vc_column][vc_column width=&#8221;3\/4&#8243;][vc_column_text] Diese Suite ist 90 qm gro\u00df und damit die gr\u00f6\u00dfte Wohnung des &#8220;Eichenhauses&#8221;. Sie besteht aus einem ger\u00e4umigen Wohn-Esszimmer mit einer gro\u00dfen Einbauk\u00fcche und Essplatz, 2 Schlafzimmern und 2 Badezimmern mit Badewanne bzw. Dusche. Im Wohnraum gibt es 2 weitere Schlafpl\u00e4tze. Die Suite ist mit stilvollen, alten M\u00f6beln ausgestattet<\/p>\n","protected":false},"author":1,"featured_media":0,"parent":0,"menu_order":0,"comment_status":"open","ping_status":"closed","template":"","meta":[],"_links":{"self":[{"href":"https:\/\/www.lacasadellequerce.it\/de\/wp-json\/wp\/v2\/pages\/553"}],"collection":[{"href":"https:\/\/www.lacasadellequerce.it\/de\/wp-json\/wp\/v2\/pages"}],"about":[{"href":"https:\/\/www.lacasadellequerce.it\/de\/wp-json\/wp\/v2\/types\/page"}],"author":[{"embeddable":true,"href":"https:\/\/www.lacasadellequerce.it\/de\/wp-json\/wp\/v2\/users\/1"}],"replies":[{"embeddable":true,"href":"https:\/\/www.lacasadellequerce.it\/de\/wp-json\/wp\/v2\/comments?post=553"}],"version-history":[{"count":14,"href":"https:\/\/www.lacasadellequerce.it\/de\/wp-json\/wp\/v2\/pages\/553\/revisions"}],"predecessor-version":[{"id":1041,"href":"https:\/\/www.lacasadellequerce.it\/de\/wp-json\/wp\/v2\/pages\/553\/revisions\/1041"}],"wp:attachment":[{"href":"https:\/\/www.lacasadellequerce.it\/de\/wp-json\/wp\/v2\/media?parent=553"}],"curies":[{"name":"wp","href":"https:\/\/api.w.org\/{rel}","templated":true}]}}

<p>[vc_row][vc_column][vc_raw_html]JTNDZGl2JTIwY2xhc3MlM0QlMjJzZWMtdGl0bGUlMjIlM0UlMEElMjAlMjAlMjAlMjAlMjAlMjAlMjAlMjAlMjAlMjAlMjAlMjAlMjAlMjAlMjAlMjAlM0NoMiUzRVBvbGljaWFubyUyMCUzQ3NwYW4lMjBjbGFzcyUzRCUyMnRoZW1lX2NvbG9yJTIyJTNFU3VpdGUlM0MlMkZzcGFuJTNFJTNDJTJGaDIlM0UlMEElMjAlMjAlMjAlMjAlMjAlMjAlMjAlMjAlMjAlMjAlMjAlMjAlMjAlMjAlMjAlMjAlM0NkaXYlMjBjbGFzcyUzRCUyMnNlcGFyYXRvciUyMHNtYWxsLXNlcGFyYXRvciUyMiUzRSUzQyUyRmRpdiUzRSUyMCUzQyUyRmRpdiUzRQ==[/vc_raw_html][/vc_column][/vc_row][vc_row][vc_column width=&#8221;1/4&#8243;][vc_single_image image=&#8221;413&#8243; img_size=&#8221;360&#215;550&#8243; style=&#8221;vc_box_rounded&#8221;][/vc_column][vc_column width=&#8221;3/4&#8243;][vc_column_text]</p>
<div id="col-sx">
<p>Diese Suite ist 90 qm groß und damit die größte Wohnung des &#8220;Eichenhauses&#8221;.<br />
Sie besteht aus einem geräumigen Wohn-Esszimmer mit einer großen Einbauküche und Essplatz, 2 Schlafzimmern und 2 Badezimmern mit Badewanne bzw. Dusche.<br />
Im Wohnraum gibt es 2 weitere Schlafplätze.</p>
</div>
<div id="col-dx">
<p>Die Suite ist mit stilvollen, alten Möbeln ausgestattet sowie mit Geschirrspüler, großem 2-teiligem Kühlschrank, Gasofen mit Grillfunktion, Geschirr und Besteck.<br />
Die Schlafzimmer sind mit Klimaanlage, Fernseher und Telefon ausgestattet.<br />
Exklusiv für die Suite-Gäste ist am Pool ein Tisch mit Bänken reserviert.</p>
</div>
<p>[/vc_column_text][vc_gallery type=&#8221;image_grid&#8221; images=&#8221;413,411,409,751,415,417,753,662,752,423,421,419&#8243; img_size=&#8221;140&#215;100&#8243;][/vc_column][/vc_row]</p>

<p>[vc_row][vc_column][vc_raw_html]JTNDZGl2JTIwY2xhc3MlM0QlMjJzZWMtdGl0bGUlMjIlM0UlMEElMjAlMjAlMjAlMjAlMjAlMjAlMjAlMjAlMjAlMjAlMjAlMjAlMjAlMjAlMjAlMjAlM0NoMiUzRVBvbGljaWFubyUyMCUzQ3NwYW4lMjBjbGFzcyUzRCUyMnRoZW1lX2NvbG9yJTIyJTNFU3VpdGUlM0MlMkZzcGFuJTNFJTNDJTJGaDIlM0UlMEElMjAlMjAlMjAlMjAlMjAlMjAlMjAlMjAlMjAlMjAlMjAlMjAlMjAlMjAlMjAlMjAlM0NkaXYlMjBjbGFzcyUzRCUyMnNlcGFyYXRvciUyMHNtYWxsLXNlcGFyYXRvciUyMiUzRSUzQyUyRmRpdiUzRSUyMCUzQyUyRmRpdiUzRQ==[/vc_raw_html][/vc_column][/vc_row][vc_row][vc_column width=&#8221;1/4&#8243;][vc_single_image image=&#8221;413&#8243; img_size=&#8221;360&#215;550&#8243; style=&#8221;vc_box_rounded&#8221;][/vc_column][vc_column width=&#8221;3/4&#8243;][vc_column_text] Diese Suite ist 90 qm groß und damit die größte Wohnung des &#8220;Eichenhauses&#8221;. Sie besteht aus einem geräumigen Wohn-Esszimmer mit einer großen Einbauküche und Essplatz, 2 Schlafzimmern und 2 Badezimmern mit Badewanne bzw. Dusche. Im Wohnraum gibt es 2 weitere Schlafplätze. Die Suite ist mit stilvollen, alten Möbeln ausgestattet</p>
