{"id":551,"date":"2016-11-03T14:43:25","date_gmt":"2016-11-03T13:43:25","guid":{"rendered":"http:\/\/www.lacasadellequerce.it\/it\/?page_id=551"},"modified":"2018-01-05T17:28:26","modified_gmt":"2018-01-05T16:28:26","slug":"trilocale-60mq","status":"publish","type":"page","link":"https:\/\/www.lacasadellequerce.it\/pl\/trzypokojowy-60.html","title":{"rendered":"Trzypokojowy 60mk"},"content":{"rendered":"<p>[vc_row][vc_column][vc_raw_html]JTNDZGl2JTIwY2xhc3MlM0QlMjJzZWMtdGl0bGUlMjIlM0UlMEElMjAlMjAlMjAlMjAlMjAlMjAlMjAlMjAlMjAlMjAlMjAlMjAlMjAlMjAlMjAlMjAlM0NoMiUzRVRyenlwb2tvam93eSUyMCUzQ3NwYW4lMjBjbGFzcyUzRCUyMnRoZW1lX2NvbG9yJTIyJTNFJTI4NjAlMjBtayUyOSUzQyUyRnNwYW4lM0UlM0MlMkZoMiUzRSUwQSUyMCUyMCUyMCUyMCUyMCUyMCUyMCUyMCUyMCUyMCUyMCUyMCUyMCUyMCUyMCUyMCUzQ2RpdiUyMGNsYXNzJTNEJTIyc2VwYXJhdG9yJTIwc21hbGwtc2VwYXJhdG9yJTIyJTNFJTNDJTJGZGl2JTNFJTBBJTIwJTIwJTIwJTIwJTIwJTIwJTIwJTIwJTIwJTIwJTIwJTIwJTNDJTJGZGl2JTNF[\/vc_raw_html][\/vc_column][\/vc_row][vc_row][vc_column width=&#8221;1\/4&#8243;][vc_single_image image=&#8221;439&#8243; img_size=&#8221;360&#215;550&#8243; style=&#8221;vc_box_rounded&#8221;][\/vc_column][vc_column width=&#8221;3\/4&#8243;][vc_column_text]Sypialnia z l\u00f3zkiem malzenskim, Trzyosobowy pok\u00f3j ,lazienka, pok\u00f3j dzienny z jednym pojedynczym l\u00f3zkiem i aneks kuchenny.<br \/>\nKlimatyzacja[\/vc_column_text][vc_gallery type=&#8221;image_grid&#8221; images=&#8221;441,443,437,439,449,447,445&#8243; img_size=&#8221;120&#215;80&#8243;][\/vc_column][\/vc_row]<\/p>","protected":false},"excerpt":{"rendered":"<p>[vc_row][vc_column][vc_raw_html]JTNDZGl2JTIwY2xhc3MlM0QlMjJzZWMtdGl0bGUlMjIlM0UlMEElMjAlMjAlMjAlMjAlMjAlMjAlMjAlMjAlMjAlMjAlMjAlMjAlMjAlMjAlMjAlMjAlM0NoMiUzRVRyenlwb2tvam93eSUyMCUzQ3NwYW4lMjBjbGFzcyUzRCUyMnRoZW1lX2NvbG9yJTIyJTNFJTI4NjAlMjBtayUyOSUzQyUyRnNwYW4lM0UlM0MlMkZoMiUzRSUwQSUyMCUyMCUyMCUyMCUyMCUyMCUyMCUyMCUyMCUyMCUyMCUyMCUyMCUyMCUyMCUyMCUzQ2RpdiUyMGNsYXNzJTNEJTIyc2VwYXJhdG9yJTIwc21hbGwtc2VwYXJhdG9yJTIyJTNFJTNDJTJGZGl2JTNFJTBBJTIwJTIwJTIwJTIwJTIwJTIwJTIwJTIwJTIwJTIwJTIwJTIwJTNDJTJGZGl2JTNF[\/vc_raw_html][\/vc_column][\/vc_row][vc_row][vc_column width=&#8221;1\/4&#8243;][vc_single_image image=&#8221;439&#8243; img_size=&#8221;360&#215;550&#8243; style=&#8221;vc_box_rounded&#8221;][\/vc_column][vc_column width=&#8221;3\/4&#8243;][vc_column_text]Sypialnia z l\u00f3zkiem malzenskim, Trzyosobowy pok\u00f3j ,lazienka, pok\u00f3j dzienny z jednym pojedynczym l\u00f3zkiem i aneks kuchenny. Klimatyzacja[\/vc_column_text][vc_gallery type=&#8221;image_grid&#8221; images=&#8221;441,443,437,439,449,447,445&#8243; img_size=&#8221;120&#215;80&#8243;][\/vc_column][\/vc_row]<\/p>\n","protected":false},"author":1,"featured_media":0,"parent":0,"menu_order":0,"comment_status":"open","ping_status":"closed","template":"","meta":[],"_links":{"self":[{"href":"https:\/\/www.lacasadellequerce.it\/pl\/wp-json\/wp\/v2\/pages\/551"}],"collection":[{"href":"https:\/\/www.lacasadellequerce.it\/pl\/wp-json\/wp\/v2\/pages"}],"about":[{"href":"https:\/\/www.lacasadellequerce.it\/pl\/wp-json\/wp\/v2\/types\/page"}],"author":[{"embeddable":true,"href":"https:\/\/www.lacasadellequerce.it\/pl\/wp-json\/wp\/v2\/users\/1"}],"replies":[{"embeddable":true,"href":"https:\/\/www.lacasadellequerce.it\/pl\/wp-json\/wp\/v2\/comments?post=551"}],"version-history":[{"count":14,"href":"https:\/\/www.lacasadellequerce.it\/pl\/wp-json\/wp\/v2\/pages\/551\/revisions"}],"predecessor-version":[{"id":1053,"href":"https:\/\/www.lacasadellequerce.it\/pl\/wp-json\/wp\/v2\/pages\/551\/revisions\/1053"}],"wp:attachment":[{"href":"https:\/\/www.lacasadellequerce.it\/pl\/wp-json\/wp\/v2\/media?parent=551"}],"curies":[{"name":"wp","href":"https:\/\/api.w.org\/{rel}","templated":true}]}}

<p>[vc_row][vc_column][vc_raw_html]JTNDZGl2JTIwY2xhc3MlM0QlMjJzZWMtdGl0bGUlMjIlM0UlMEElMjAlMjAlMjAlMjAlMjAlMjAlMjAlMjAlMjAlMjAlMjAlMjAlMjAlMjAlMjAlMjAlM0NoMiUzRVRyenlwb2tvam93eSUyMCUzQ3NwYW4lMjBjbGFzcyUzRCUyMnRoZW1lX2NvbG9yJTIyJTNFJTI4NjAlMjBtayUyOSUzQyUyRnNwYW4lM0UlM0MlMkZoMiUzRSUwQSUyMCUyMCUyMCUyMCUyMCUyMCUyMCUyMCUyMCUyMCUyMCUyMCUyMCUyMCUyMCUyMCUzQ2RpdiUyMGNsYXNzJTNEJTIyc2VwYXJhdG9yJTIwc21hbGwtc2VwYXJhdG9yJTIyJTNFJTNDJTJGZGl2JTNFJTBBJTIwJTIwJTIwJTIwJTIwJTIwJTIwJTIwJTIwJTIwJTIwJTIwJTNDJTJGZGl2JTNF[/vc_raw_html][/vc_column][/vc_row][vc_row][vc_column width=&#8221;1/4&#8243;][vc_single_image image=&#8221;439&#8243; img_size=&#8221;360&#215;550&#8243; style=&#8221;vc_box_rounded&#8221;][/vc_column][vc_column width=&#8221;3/4&#8243;][vc_column_text]Sypialnia z lózkiem malzenskim, Trzyosobowy pokój ,lazienka, pokój dzienny z jednym pojedynczym lózkiem i aneks kuchenny.<br />
Klimatyzacja[/vc_column_text][vc_gallery type=&#8221;image_grid&#8221; images=&#8221;441,443,437,439,449,447,445&#8243; img_size=&#8221;120&#215;80&#8243;][/vc_column][/vc_row]</p>

<p>[vc_row][vc_column][vc_raw_html]JTNDZGl2JTIwY2xhc3MlM0QlMjJzZWMtdGl0bGUlMjIlM0UlMEElMjAlMjAlMjAlMjAlMjAlMjAlMjAlMjAlMjAlMjAlMjAlMjAlMjAlMjAlMjAlMjAlM0NoMiUzRVRyenlwb2tvam93eSUyMCUzQ3NwYW4lMjBjbGFzcyUzRCUyMnRoZW1lX2NvbG9yJTIyJTNFJTI4NjAlMjBtayUyOSUzQyUyRnNwYW4lM0UlM0MlMkZoMiUzRSUwQSUyMCUyMCUyMCUyMCUyMCUyMCUyMCUyMCUyMCUyMCUyMCUyMCUyMCUyMCUyMCUyMCUzQ2RpdiUyMGNsYXNzJTNEJTIyc2VwYXJhdG9yJTIwc21hbGwtc2VwYXJhdG9yJTIyJTNFJTNDJTJGZGl2JTNFJTBBJTIwJTIwJTIwJTIwJTIwJTIwJTIwJTIwJTIwJTIwJTIwJTIwJTNDJTJGZGl2JTNF[/vc_raw_html][/vc_column][/vc_row][vc_row][vc_column width=&#8221;1/4&#8243;][vc_single_image image=&#8221;439&#8243; img_size=&#8221;360&#215;550&#8243; style=&#8221;vc_box_rounded&#8221;][/vc_column][vc_column width=&#8221;3/4&#8243;][vc_column_text]Sypialnia z lózkiem malzenskim, Trzyosobowy pokój ,lazienka, pokój dzienny z jednym pojedynczym lózkiem i aneks kuchenny. Klimatyzacja[/vc_column_text][vc_gallery type=&#8221;image_grid&#8221; images=&#8221;441,443,437,439,449,447,445&#8243; img_size=&#8221;120&#215;80&#8243;][/vc_column][/vc_row]</p>
